 Suppose a - 3*f - 14 = 0, a = -2*a - h*f + 81. What are the prime factors of a?
23
Suppose -566*r + 572*r - 31776 = 0. What are the prime factors of r?
2, 331
Let g(n) = 2*n**2 - 3*n - 4. Let a be g(-2). Suppose -a*j + 12 = -6*j. What are the prime factors of j?
3
Suppose -a + 266 = -5*l, -3*a - 2*l + 681 = -117. What are the prime factors of a?
2, 7, 19
Suppose -4*s - 1814 = -6*s - 5*z, -5*s + 4535 = -z. List the prime factors of s.
907
Let d be (1 + -3 - 0) + 41. Let c = 58 - d. Let n = c - 3. List the prime factors of n.
2
Let r be (-15)/(-6)*8/(4/1). Let a be (-4)/(-8) - 47/(-2). Suppose -z = 2*c - 19, 2*c = z + r*c - a. List the prime factors of z.
3
Let y = 361 + 42. What are the prime factors of y?
13, 31
Let c(l) = 74*l**2 - 31*l + 120. List the prime factors of c(6).
2, 3, 433
Let u(l) = 25*l**3 + 2*l**2 - 3*l - 9. What are the prime factors of u(3)?
3, 5
Suppose 10*q - 26283 - 17797 = 0. List the prime factors of q.
2, 19, 29
Let b(f) = -482*f + 148. List the prime factors of b(-3).
2, 797
Let c(g) = g + 5. Let u be c(-7). Let z be -11 + (-2)/u*-1. List the prime factors of (-1)/(-3) + (-572)/z.
2, 3
List the prime factors of (-4 + 4 + -2901)/(-3).
967
Suppose 0 = -2*l - u + 2237, -l - 3*u = 2*u - 1096. List the prime factors of l.
19, 59
Let m be (1/(-2))/((-8)/144). List the prime factors of ((-738)/24)/(m/(-24)).
2, 41
Let q(w) be the third derivative of w**4/12 - w**3/6 + 6*w**2. Let j be q(2). Suppose j*m = 64 - 1. List the prime factors of m.
3, 7
Let n = 1069 - 256. What are the prime factors of n?
3, 271
Suppose -4*x + 2*v + 5 - 1 = 0, 0 = -x - 2*v + 6. Let u = -26 + 45. Suppose x*r - 7 = 5*c, 3*r - c = -2*c + u. What are the prime factors of r?
2, 3
Let g = -6 + 22. Suppose 5*d - o - 16 = g, -5*d + 36 = -3*o. List the prime factors of d.
2, 3
Let t(w) = w**3 + 9*w**2 - w - 21. Let r be t(-9). What are the prime factors of r/(5 - 2) - -41?
37
Let r = 1406 + -697. What are the prime factors of r?
709
Let s(i) = i**2 + 2*i - 103. List the prime factors of s(-27).
2, 11, 13
Suppose -5*p + 0*x = x - 2582, -5*p + 2574 = -3*x. List the prime factors of p.
2, 3, 43
Let w(b) be the third derivative of b**6/120 - b**5/6 + 11*b**4/24 - b**3/2 - 10*b**2. What are the prime factors of w(9)?
3, 5
Let g(v) = -v**3 - 4*v**2 + 4*v + 1. Let l be g(-6). Suppose -y + 1 = -10. Let w = l - y. List the prime factors of w.
2, 19
Suppose 0*a + 446 = 2*a. List the prime factors of a.
223
Let m = -4 - -24. Let r be (-290)/(-14) - m/(-70). Suppose -s + r = 3*b, -6 = -3*s - 2*b + 43. What are the prime factors of s?
3, 5
Let n be (-286 - -2)/((-2)/(-4)). Let f = -334 - n. List the prime factors of f.
2, 3, 13
Suppose 765*z = 759*z + 4122. What are the prime factors of z?
3, 229
Let h(t) = -t**3 - 6*t**2 + 8*t + 8. Let b be h(-7). Let n be (5 - b)*2 + -3. What are the prime factors of 66/(n*2/5)?
3, 11
List the prime factors of (-55)/88 + 1 - (-1114)/16.
2, 5, 7
List the prime factors of -2 - -573 - 37/37.
2, 3, 5, 19
Let c be (-9)/(-2) + 20/(-40). Suppose 2*o = c*n - 870, -o - 2*o = -15. List the prime factors of n.
2, 5, 11
Suppose 10847 = 9*x + 1568. What are the prime factors of x?
1031
Let c be (-74)/(-6) + 10/(-30). Let f(r) = r**3 - 13*r**2 + 11*r + 11. Let t be f(c). Let h(p) = 24*p**2 + p + 2. List the prime factors of h(t).
5
Let a(w) = -9*w**3 - 3*w**2 - w. Let p be a(-3). Let l = p - 131. Let d = l - 60. What are the prime factors of d?
2, 7
Let c = -26 - -29. Suppose -4*u - 1 - c = -4*z, 0 = -3*z + 5*u + 3. What are the prime factors of (3/z + -13)/(-2)?
5
List the prime factors of 630 + (2 - 6) + -6.
2, 5, 31
Let p = 83 - -273. List the prime factors of p.
2, 89
Let c = 5480 + 695. What are the prime factors of c?
5, 13, 19
Let i = -367 - -565. List the prime factors of i.
2, 3, 11
Let g be ((-4 - -7)/3)/((-2)/(-16)). Let c(o) = 5*o - 18. What are the prime factors of c(g)?
2, 11
Let u be (-4 - -4) + (0 - 0). Let f = u + 11. Let q = f - -3. What are the prime factors of q?
2, 7
Suppose 3*c + 25 = 4*c - 5*h, -4*c + h = -62. Let m be (-16)/(-2) + -3 + 0. Suppose m - c = -o. What are the prime factors of o?
2, 5
Suppose -16*x + 24 = -19*x. List the prime factors of (-2844)/(-15) + x/(-20).
2, 5, 19
Let r(h) = -74*h + 403. List the prime factors of r(-11).
1217
What are the prime factors of (-4 - 0)/(2*3/(-708))?
2, 59
Let r = 14 + -9. Suppose 0 = 5*m + 4*a + 2 - 43, -r*a = -20. Suppose -x = 3 - m. What are the prime factors of x?
2
Suppose -1 = -2*q + 3. Suppose q*u - 3*a + 26 = -5*a, 0 = -5*u - 2*a - 56. Let p = 41 + u. What are the prime factors of p?
31
Let k = 61 - 43. Suppose o - k = -2*o. Let t(a) = a**3 - 4*a**2 - 10*a + 13. List the prime factors of t(o).
5
Suppose -3 = 4*p - 31. Suppose -n = -8*n + p. List the prime factors of n + -3 + 0 + 20.
2, 3
Suppose -3*w + 93 = -4*o + 2*o, -12 = 4*o. Let y = w - -37. Suppose -y = 2*x - 5*x. List the prime factors of x.
2, 11
Let d(r) = -r**3 + 11*r**2 - 6*r + 14. Let l = 15 + -8. What are the prime factors of d(l)?
2, 3, 7
Suppose 1780 = 3*t + 2*t - n, -4*n = 0. List the prime factors of t.
2, 89
Let n = -587 + 842. List the prime factors of n.
3, 5, 17
Let p = 3 - -154. Let k = p - 48. List the prime factors of k.
109
Suppose z - 245 = 141. List the prime factors of z.
2, 193
Let h(i) = -14*i**2 + 2*i + 15. Let y(j) = 5*j**2 - j - 5. Suppose -9*z - 12 = -11*z. Let u(t) = z*h(t) + 17*y(t). List the prime factors of u(5).
5
Let z be (12/(-5))/((-14)/70). Let n be (z/(-10))/((-21)/(-70)). Let w = n - -44. What are the prime factors of w?
2, 5
Let b(x) = 27*x + 10*x**2 + 7 + 38 - 11*x**2. List the prime factors of b(28).
17
Let h(s) = 39*s + 104. List the prime factors of h(9).
5, 7, 13
Suppose k - 18 = -5*k. Suppose k = 9*n - 10*n. Let j = n + 8. What are the prime factors of j?
5
Let z(f) = f**3 + 6*f**2 - 9*f - 6. Let n(c) = -c**2 + 6*c - 7. Suppose 0*m - 18 = -3*m. Let y be n(m). What are the prime factors of z(y)?
2
Let o(l) = 1. Let s(a) = 10*a - 12. Let y(k) = 10*o(k) + s(k). Suppose -3*v + j - 3 = -2*j, -4*v + 3*j = 2. List the prime factors of y(v).
2
List the prime factors of (-90545)/(-385) - 4/22.
5, 47
Suppose -4*g + f + 3516 = -2*f, -4*g - f + 3532 = 0. List the prime factors of g.
2, 3, 7
Let q = -551 - -1383. List the prime factors of q.
2, 13
Suppose -948 = -5*u + 1992. Suppose 0 = 11*w - 4*w - u. List the prime factors of w.
2, 3, 7
Let g = 1644 + -403. What are the prime factors of g?
17, 73
What are the prime factors of (1/3)/(7/7203)?
7
Let g = -2 - -2. Let i be 4 + (-3 - g) + 60. Suppose -5*l + i = -64. What are the prime factors of l?
5
What are the prime factors of 7/(84/1236) + -6 + 0?
97
Let f = 109 + -172. Let t be (-5341)/f + (-2)/(-9). Suppose h - 5*h = 0, 0 = 5*i - h - t. What are the prime factors of i?
17
Let x = -2 - -6. Suppose -19 = -x*n - 7. Suppose 0 = -5*v - 3*i + 86, -2*i = n - 7. List the prime factors of v.
2
Suppose 18*k = 4899 + 11373. List the prime factors of k.
2, 113
Suppose -3*z - 92 = -7*z. Let r = z - 18. Suppose -5*n + 3*m + 92 = 0, -4*n - m + r*m = -72. List the prime factors of n.
19
Let i = 11 - 8. Let m be ((-12)/(-36))/(1/i). List the prime factors of m + -1*(-1 - 18).
2, 5
Let f be -1 - 6/(-8) - (-15390)/(-72). Let p = f - -452. What are the prime factors of p?
2, 7, 17
List the prime factors of ((-3)/((-27)/6))/((-32)/(-24432)).
509
Suppose o + t = 439, -2*o - 4*t = -9*t - 871. What are the prime factors of o?
2, 3, 73
List the prime factors of 2 + 413 - (-9)/(-8 + 5).
2, 103
Suppose -1565 - 1172 = 23*n. List the prime factors of n/2*-2 + 3 - 0.
2, 61
What are the prime factors of (-23)/(1 + 28/(-24))?
2, 3, 23
Let o be 10*5/((-50)/(-4)). Let a(i) = 7*i**2 - 6*i + 6. List the prime factors of a(o).
2, 47
Suppose -5 - 1 = -2*j. Suppose 5*u + z = 200, z = -4*u - j*z + 176. What are the prime factors of u?
3, 13
Let g(o) = -43*o - 17. Let c be (-102)/27 + (-14)/63. List the prime factors of g(c).
5, 31
Suppose 3*l = 3 + 57. Let v = l - 11. Let u = v + 14. What are the prime factors of u?
23
Let s(f) = -4*f - 27. Suppose 7*q = -8*q - 270. List the prime factors of s(q).
3, 5
Let p = 1826 - 129. What are the prime factors of p?
1697
Let o be (6/(-4))/(7 + 2971/(-424)). Let r = o - 95. List the prime factors of r.
3, 13
Suppose -23*a + 3856